{"id":2527,"date":"2024-01-24T17:16:50","date_gmt":"2024-01-24T17:16:50","guid":{"rendered":"http:\/\/www.mgvnussloch.de\/?page_id=2527"},"modified":"2026-03-12T09:05:23","modified_gmt":"2026-03-12T09:05:23","slug":"termine","status":"publish","type":"page","link":"https:\/\/www.mgvnussloch.de\/?page_id=2527","title":{"rendered":"Termine"},"content":{"rendered":"\n<p><strong>Veranstaltungen:<\/strong><\/p>\n\n\n\n<p><\/p>\n\n\n\n<p><\/p>\n\n\n\n<p>Unsere Chorproben finden jeweils w\u00f6chentlich am Dienstagabend f\u00fcr den gemischten Chor um 18.00 Uhr und den Projekt-Chor um 19.15 Uhr  im Foyer der Lindenschule Barlachstra\u00dfe 35, kleiner Saal UG statt.<\/p>\n\n\n\n<p><\/p>\n\n\n\n<p><\/p>\n\n\n\n<p><\/p>\n\n\n\n<p><\/p>\n\n\n\n<p><\/p>\n","protected":false},"excerpt":{"rendered":"<p>Veranstaltungen: Unsere Chorproben finden jeweils w\u00f6chentlich am Dienstagabend f\u00fcr den gemischten Chor um 18.00 Uhr und den Projekt-Chor um 19.15 Uhr im Foyer der Lindenschule Barlachstra\u00dfe 35, kleiner Saal UG statt.<\/p>\n","protected":false},"author":2,"featured_media":0,"parent":0,"menu_order":0,"comment_status":"closed","ping_status":"closed","template":"","meta":{"om_disable_all_campaigns":false,"_monsterinsights_skip_tracking":false,"_monsterinsights_sitenote_active":false,"_monsterinsights_sitenote_note":"","_monsterinsights_sitenote_category":0,"footnotes":""},"_links":{"self":[{"href":"https:\/\/www.mgvnussloch.de\/index.php?rest_route=\/wp\/v2\/pages\/2527"}],"collection":[{"href":"https:\/\/www.mgvnussloch.de\/index.php?rest_route=\/wp\/v2\/pages"}],"about":[{"href":"https:\/\/www.mgvnussloch.de\/index.php?rest_route=\/wp\/v2\/types\/page"}],"author":[{"embeddable":true,"href":"https:\/\/www.mgvnussloch.de\/index.php?rest_route=\/wp\/v2\/users\/2"}],"replies":[{"embeddable":true,"href":"https:\/\/www.mgvnussloch.de\/index.php?rest_route=%2Fwp%2Fv2%2Fcomments&post=2527"}],"version-history":[{"count":0,"href":"https:\/\/www.mgvnussloch.de\/index.php?rest_route=\/wp\/v2\/pages\/2527\/revisions"}],"wp:attachment":[{"href":"https:\/\/www.mgvnussloch.de\/index.php?rest_route=%2Fwp%2Fv2%2Fmedia&parent=2527"}],"curies":[{"name":"wp","href":"https:\/\/api.w.org\/{rel}","templated":true}]}}

<p><strong>Veranstaltungen:</strong></p>



<p></p>



<p></p>



<p>Unsere Chorproben finden jeweils wöchentlich am Dienstagabend für den gemischten Chor um 18.00 Uhr und den Projekt-Chor um 19.15 Uhr  im Foyer der Lindenschule Barlachstraße 35, kleiner Saal UG statt.</p>



<p></p>



<p></p>



<p></p>



<p></p>



<p></p>

<p>Veranstaltungen: Unsere Chorproben finden jeweils wöchentlich am Dienstagabend für den gemischten Chor um 18.00 Uhr und den Projekt-Chor um 19.15 Uhr im Foyer der Lindenschule Barlachstraße 35, kleiner Saal UG statt.</p>
